te the highest common divisor of p and z.
45
Let g(s) = 4*s + 32. Let f be g(-8). Suppose 5*i - 1112 - 188 = f. What is the highest common factor of i and 104?
52
Let a(i) = -i**2 + 28*i - 139. Let d be a(10). Suppose d*z + 11*z - 17784 = 0. What is the highest common divisor of 76 and z?
38
Suppose -79 = -4*p + 369. What is the greatest common factor of p and 20?
4
Suppose 9*k + 2*w + 57 - 354 = 0, -k + w + 33 = 0. What is the greatest common divisor of k and 10329?
33
Let u be 1*(-15)/4*4. Let l be (5/u)/1 - (-182)/6. Let j = l + 26. Calculate the greatest common factor of 14 and j.
14
Let u be (8016/32)/(3/2). Let i = u - 82. Calculate the greatest common divisor of i and 34.
17
Suppose -3*r + 5*l + 281 = 0, -2*r - 4*l + 64 = -94. Let z = -69 + r. Let t be z - (-7)/(-21)*(7 - 1). Calculate the highest common divisor of 144 and t.
16
Let g(y) = 11*y**3 - 96*y**2 - 6*y + 6. Let v be g(9). Calculate the highest common divisor of v and 1005.
15
Let o be 12590 - 29/((-290)/200). Calculate the highest common divisor of 130 and o.
130
Suppose 24760*o + 462 = 24774*o. Calculate the highest common divisor of o and 14553.
33
Let x(n) = -47*n + 108. Let k be x(-5). Suppose 5*i + c - 1697 = -3*c, c + k = i. Calculate the greatest common divisor of i and 11.
11
Let n(z) = 21 + 35*z**2 - z**3 - 17*z**2 + 3 - 4 - 14*z. Let l be n(17). Let q = l + -69. Calculate the greatest common factor of 5 and q.
1
Let z be 2927 + ((-5)/(-20))/(5/20). Calculate the greatest common divisor of z and 32.
16
Suppose 2311 = -3*l - q + 2926, -l = 2*q - 195. What is the highest common factor of l and 46?
23
Let c(b) = -145*b - 59. Let g(v) = -49*v - 20. Let p(n) = -4*c(n) + 11*g(n). Let s be p(1). What is the greatest common factor of s and 627?
57
Suppose -60*g + 1525 = -38255. What is the greatest common divisor of g and 156?
39
Let k be 7/((-14)/(-12)) + 141 + -81. Calculate the highest common divisor of k and 704.
22
Let s = 328 - 352. Let h be (208/s - -8) + (-77)/(-3). Let g = -23 + 48. What is the greatest common divisor of g and h?
25
Suppose 2*j - 3*w = 27, -3*j + 16 + 26 = -5*w. Let p = 33 + j. Calculate the highest common divisor of p and 126.
42
Suppose 0 = -3*c + 8*c - 135. Suppose 6*m = 3*m + c. Let n(y) = 8*y + 23. Let p be n(m). Calculate the highest common divisor of p and 38.
19
Let y = -91 + 96. Let q be ((-4)/y)/((-21)/105). Suppose -20 = 4*m, -2*n + 13 = q*m - 17. Calculate the highest common divisor of 15 and n.
5
Let b(h) = -h**2 + 5*h + 4. Let t be b(6). Let c be -1*((-9)/(-6) + 54/(-4)). Let i be 5/((-40)/c)*t. Calculate the greatest common factor of 9 and i.
3
Let a = 3144 + -3127. What is the highest common factor of a and 11611?
17
Let j(g) = 12*g**3 + g**2 - 2*g - 2. Let r be j(-2). Let k be r/21 + 4 + 158/14. Let b be (4/5)/(k/495). What is the highest common divisor of 144 and b?
36
Suppose -r - 2 = 0, -14*w + 3*r + 66 = -11*w. Suppose -161*m + 288 = -153*m. What is the highest common factor of w and m?
4
Let z be ((-4)/26 - 0) + (-62 - 20816/(-104)). Let j(r) = -12*r**3 - r**2. Let x be j(-2). Calculate the highest common factor of x and z.
46
Let c = 100 - 64. Suppose -4906*y + 2474*y = -2495*y + 24948. Calculate the highest common divisor of y and c.
36
Let v = -282 - -266. Let z be ((-714)/(-68))/((1 + -2)/v). Calculate the highest common divisor of z and 14.
14
Let d be (-156175)/(-18)*2 + (1 - 21/27). Calculate the highest common divisor of 259 and d.
259
Let z be 0 - -60*(-4)/(-6). Let d = z - 34. Let s = 25 - d. What is the highest common factor of 19 and s?
19
Let m(s) = s**2 + 136*s + 1501. Let x be m(-124). What is the highest common factor of 3185 and x?
13
Let d be ((-4)/(12/(-9)))/((-438)/(-48) + -9). What is the highest common divisor of 96 and d?
24
Let o = -19360 - -25896. What is the greatest common divisor of 760 and o?
152
Let c be 448*(2 - (-6)/(-6)). Suppose -3*f + 6*a + 39 = 5*a, -4*f - 4*a + 68 = 0. What is the highest common divisor of c and f?
14
Let z = 1 + -1. Suppose z = 4*d - 221 - 483. Let n(u) = 6*u + 4. Let b be n(2). Calculate the greatest common divisor of d and b.
16
Let d = -8 + 16. Suppose 0*o - o + d = 0. Let x(g) = g + 6. Let b be x(o). Calculate the highest common factor of b and 56.
14
Suppose -2*t - 1338 = -4*z, -3*t = 4*z - 3*z - 345. What is the highest common divisor of 256 and z?
16
Suppose 0 = -11*w + 6*w. Suppose 2*j - 8 + 4 = w. Suppose 2*z - 1 = -r + j*r, 0 = 4*z - 20. Calculate the highest common divisor of r and 18.
9
Let o = -5 + 9. Let x be 4/16 - (-39)/o. Let y be 560/21*(-9)/18*(-84)/8. What is the highest common factor of y and x?
10
Let b be (-184)/(-18) - (-4)/(-18). Let s be (-7)/(-2) + (-11)/66*3. Let v be 21 - (s/(-6)*10 + 1). Calculate the highest common divisor of b and v.
5
Suppose 3*j = 16*n - 18*n + 2, 30 = 14*j - n. Calculate the highest common factor of 958 and j.
2
Let a(y) = y**3 + 23*y**2 + 35*y - 144. Let r be a(-21). What is the greatest common factor of r and 291?
3
Let d(a) = -21*a + 7. Let g be d(-5). Suppose 0 = -2*w + 5*i - 26, -6 = -7*i + 4*i. Let c be w*-3*(-16)/(-24). Calculate the highest common divisor of c and g.
16
Let q(r) = 34*r + 15 - 65*r - 2*r**3 + 29*r + 3*r**3. Suppose -5*y = 2*z, -3*y = 2*z + 2*z. Let i be q(z). Calculate the highest common divisor of 6 and i.
3
Let n = 921 + -672. Let o = n - 230. Calculate the greatest common factor of o and 893.
19
Suppose 3*i + z = -1, -5*z = 5*i - 37 + 42. Let k be (i + 2 + -3)*1*-18. Let l be (-20)/((-1)/(18/4)). What is the greatest common factor of l and k?
18
Let t = -4707 + 5871. Calculate the greatest common divisor of t and 2619.
291
Suppose -6*x = -1179 + 1119. What is the greatest common divisor of x and 3130?
10
Let q(r) = 12*r**3 + 324*r**2 - 2*r - 8. Let b be q(-27). Suppose -z + 96 = -19. What is the greatest common divisor of z and b?
23
Let y be (-3 - (-65)/20) + (0 - (-20229)/12). What is the highest common divisor of 3 and y?
3
Suppose -38236 = -175*t - 12511. What is the greatest common factor of t and 105?
21
Suppose 4*f = 4359*v - 4361*v + 18, 0 = f + 4*v + 20. Suppose -90 = -7*y + 4*y. Calculate the highest common divisor of f and y.
2
Suppose 3*w = h + 60, -720 = 4*w + 5*h - 819. Calculate the greatest common divisor of 1656 and w.
3
Let a be (-3 - (4 + 293))/(1/(-20)*2). What is the greatest common factor of a and 1080?
120
Suppose 6*k = -6*k + 48. Suppose 187 = -3*z - k*g, -4*z - 2*g = -0*z + 246. Let b = z - -138. What is the highest common factor of 7 and b?
7
Suppose 0 = -127*b + 131*b - 72. Suppose -b = -4*d + 2. Calculate the highest common divisor of d and 45.
5
Suppose -3*g + 575 = -7*k, 3*g - 545 = -352*k + 353*k. What is the greatest common divisor of g and 300?
60
Let a be 6/1*(-20)/(-6). Suppose 2*o + 68 = -5*c, o - 56 = 4*c + c. Let k(u) = -u**2 - 19*u - 44. Let q be k(c). What is the greatest common divisor of a and q?
20
Let o be (-2 + -3 - -2)/(-6 + 7) + 156. Calculate the greatest common factor of o and 901.
17
Let r(c) = -c**2 - 3*c - 20. Let u(t) = 1. Let k(v) = -2*r(v) - 4*u(v). Let m be k(-7). Calculate the highest common divisor of m and 23.
23
Suppose 0 = 2*l - 2*q - 155 + 1, -2*l - 5*q = -126. Let s(b) = -19*b + 11. Let a be s(-5). Let i = a - l. What is the highest common divisor of i and 363?
33
Let w be (-5 - (-424)/32) + (-2)/8. Let k be (-980)/105*(-18)/w. What is the highest common factor of k and 168?
21
Suppose -15*i = -18*i + 9. Suppose -o - 2*o + 2*x + 530 = 0, i*o + 5*x = 523. What is the greatest common divisor of 11 and o?
11
Let f(v) = -v**2 + 39*v - 198. Let h be f(7). Calculate the greatest common factor of h and 1404.
26
Suppose 4*c + 17 = 3*i, 11*i - c = 9*i + 18. Suppose 8*n = 6*n - j + i, -5*n - 4*j + 26 = 0. Calculate the highest common divisor of 6 and n.
6
Suppose -2*f = -q + 2*q - 4, -4*q + 3 = -5*f. Suppose -q*h + 1170 = 4*h. Let b be (1 - (1 - 1)) + 40 + -2. What is the greatest common divisor of h and b?
39
Suppose -35*t - 150 = -2*g - 37*t, 5*g - 4*t - 348 = 0. Let m = -20 + 36. What is the highest common divisor of m and g?
8
Suppose -19 + 5 = -h. Let z be (4 - h)*7/(-2). Let a be 3*105/27*3. What is the greatest common divisor of z and a?
35
Let a(f) = 2*f**3 + 59*f**2 - 36*f + 58. Let p = 243 + -273. Let b be a(p). Calculate the gre